3
Suppose 873 = 4*o - 19023. What are the prime factors of o?
2, 3, 829
Suppose 0 = -119*o - 32*o + 3115130. What are the prime factors of o?
2, 5, 2063
Let j = -218 - -1190. What are the prime factors of j?
2, 3
Suppose 3*h + 59959 = 4*z - 116238, -z - 3*h = -44053. List the prime factors of z.
2, 5, 881
Let h be 28/4 - 1*(-1 - 0). Suppose 0 = -h*d + 3*d + 1310. List the prime factors of d.
2, 131
Let l = 14346 - 8045. What are the prime factors of l?
6301
Let s(l) = -l**3 + 3*l**2 - 8*l + 12. Let m be s(2). What are the prime factors of (298 - (0 - 4)) + m?
2, 151
Let d = 1118 - 725. List the prime factors of d.
3, 131
Suppose -3*n = -4*z - 0*n - 99, z + 5*n + 42 = 0. Let s = -92 - z. Let j = s + 82. What are the prime factors of j?
17
Let p = 32 + -28. Let a be 4 - 0*p/12. Suppose f - 157 = -2*j, 6*j = a*j. List the prime factors of f.
157
Let b be 4/(-2) - (-513)/(-18)*-12. Let h = b + 189. What are the prime factors of h?
23
Let q be (1 + 7/((-63)/6))*9921. Suppose -1236 = -11*r + q. What are the prime factors of r?
7, 59
Let z(r) = 186*r**3 + 12*r**2 + 2*r - 128. List the prime factors of z(4).
2, 3, 499
Let i(g) = -123*g + 52. Let l be i(-3). Suppose 0 = -7*k + 909 + l. What are the prime factors of k?
2, 5, 19
Let c = -61370 + 132551. What are the prime factors of c?
3, 11, 719
Suppose -244 = 3*r - 4*l, 2*l + 2 - 10 = 0. Let x = 75 + r. List the prime factors of (9 - 3)/(x/(-10)).
2, 3, 5
Let u(j) = 10*j**2 - 2*j - 27. Let r be u(6). Let c = 349 - r. List the prime factors of c.
2, 7
List the prime factors of ((-1)/(-1))/(25/(-6635)*20/(-100)).
1327
Let r = -29814 - -31673. What are the prime factors of r?
11, 13
Suppose a + 4*a + 6 = -3*j, -5*j = a - 12. Suppose q - 3 = 0, 13*y = 8*y - j*q + 839. What are the prime factors of y?
2, 83
Let s(b) be the first derivative of 5*b**2 + 701*b + 21. List the prime factors of s(0).
701
Let j(z) = z**3 + 6*z**2 - 6*z - 4. Let a be j(-6). Suppose -5*m + 77 = -2*t + 97, -5*m = 3*t + 45. List the prime factors of a*((-4)/(-12))/((-2)/m).
2
Let u(f) = 14*f**2 - 3*f + 33. Suppose -4*d - d - 5*h + 25 = 0, 0 = 3*d - 2*h - 15. What are the prime factors of u(d)?
2, 23
Let n = 506 - 504. Suppose -n*q + 3*z + 1443 = 0, 2*z = 3*q + 681 - 2858. What are the prime factors of q?
3
Suppose -4*a + 4*u = 0, 2*a + 3*u + 3 = -12. Let g be (-14)/a - (-1 + (-10)/(-6)). Suppose g*k - 216 = 104. List the prime factors of k.
2, 5
Suppose -h - 5*p = -25, -p + 10 = -2*h + 5. Let g(m) = m**2 - 3*m - 205. Let j be g(h). Let f = 397 + j. List the prime factors of f.
2, 3
Let v be (-6)/162*-6 + (-133)/(-9). Suppose -v = -6*r + 9. What are the prime factors of 50/r*1*-8*-2?
2, 5
Let l = 161 + -159. Suppose 0 = l*i + r - 36, -2*r + 14 - 86 = -4*i. What are the prime factors of i?
2, 3
Suppose -3*d = 42 - 69. Let m(s) = -3*s**2 + 2*s + 4*s**2 - 10 - 3. What are the prime factors of m(d)?
2, 43
Let x(u) = -28*u - 191. Let g be x(-7). Suppose -g*r = 20*r - 17325. List the prime factors of r.
3, 7, 11
Suppose -2*k - 2*k = 3*g - 11205, k - 14940 = -4*g. List the prime factors of (24/(-20))/(3*(-3)/g).
2, 3, 83
Suppose -141*a - 4 = -139*a, -4*a = -5*h + 51013. What are the prime factors of h?
101
Let b be 5260/6 + 52/(-78). Suppose -b = -3*m + 168. What are the prime factors of m?
2, 3, 29
Let n = -504 + 1938. Suppose -13*k = -n - 243. What are the prime factors of k?
3, 43
Let l(r) = -r**3 + 14*r**2 + 38*r - 65. Suppose 13*i - 73 - 135 = 0. What are the prime factors of l(i)?
31
Let x(a) = -81*a - 241. Let w be x(-3). Let q(n) = -31*n + 4. Let i(v) = 155*v - 21. Let u(k) = -2*i(k) - 11*q(k). List the prime factors of u(w).
2, 3, 5
Let d = 8701 + -5180. List the prime factors of d.
7, 503
Let n be (20/(-12))/(-3 + 9078/3024). Let p = 1519 + n. List the prime factors of p.
7, 97
Let h(z) = -36*z**3 - 8*z**2 + 16*z - 9. Let t be h(1). Let x be (0/(2 - 1))/1. List the prime factors of (-2 + 3 - -2)*(x - t).
3, 37
What are the prime factors of (26/117)/(1/3)*17220?
2, 5, 7, 41
Let z = 27 + -27. Suppose 2*y + x + 77 = 0, z*x - x + 83 = -2*y. Let b = y + 49. What are the prime factors of b?
3
List the prime factors of (28/70 + 686/10)*1668/12.
3, 23, 139
Suppose 2*l = -5*i - 15 + 1, -12 = 3*i. Let c = -919 - -1388. Suppose -17 = -l*p + c. List the prime factors of p.
2, 3
Let y be (6/4)/((-7)/(-70)*5). Suppose 4*v - 3*k + 3 = -1, 12 = -3*k. List the prime factors of (y + (-1225)/(-14))/((-2)/v).
181
Let f be (-1 + -1)/2 + 67. Let h be 4/(-2) + 0/(-1). What are the prime factors of h/4 - (-19437)/f?
2, 3, 7
Let q(n) = 2*n**2 - 3*n - 8. Let v(i) = i**3 - 7*i**2 + 29. Let o be 0 + 4 + (-6)/(-3). Let x be v(o). What are the prime factors of q(x)?
3, 37
Let l = 52 - 53. Let k be (1 - (l + 2))/2. Suppose k = -0*n + 2*n - 162. What are the prime factors of n?
3
Let a = -52513 - -84258. What are the prime factors of a?
5, 7, 907
Suppose 19*m = 13*m + 9738. Suppose 4*k - 1621 = -0*k + l, -3*l = -4*k + m. What are the prime factors of k?
3, 5
Suppose 0 = 3*i - k - 15848, -93*i + 89*i + 21134 = 2*k. List the prime factors of i.
3, 587
Suppose 138633 = 12*j - 59631. List the prime factors of j.
2, 11, 751
Suppose 13*u - 102 = -24. What are the prime factors of 309/(-5 - (-12 + u))?
3, 103
Let x(h) = -3939*h + 4904. What are the prime factors of x(-15)?
61, 1049
Let s = -1 - -28. Let v = -41 + s. List the prime factors of (-1 - -119) + v/7.
2, 29
Suppose -2*x - 4*s + 35252 = 0, -2*x - 8*s + 13*s = -35252. List the prime factors of x.
2, 7, 1259
Let h(m) = -31*m + 8 + 0*m - 10*m. Let r be h(3). Let d = r + 202. What are the prime factors of d?
3, 29
Let a(g) be the first derivative of -17*g**2 + 566*g - 120. List the prime factors of a(0).
2, 283
Let u(y) = -2*y**2 - 18*y + 2. Let n be u(-9). Suppose -160 = 2*r - 5*r - n*g, -r = 4*g - 50. List the prime factors of r.
2, 3
List the prime factors of 1177*(-19 - (-12 - 8)).
11, 107
Let h = 34292 - -10058. List the prime factors of h.
2, 5, 887
Let n(c) = -10 - 8*c - 19 + 3*c**2 - c**2 + 11. List the prime factors of n(6).
2, 3
Let q(z) = 75*z - 713. List the prime factors of q(22).
937
Let r = 34289 + -15202. List the prime factors of r.
19087
Suppose -4*o = 3*v, -o + 2*o - 5*v - 23 = 0. Suppose -3*n + p = -827, -o*n - p = -0*p - 835. List the prime factors of n.
277
Let x(t) = 13*t**2 - 13*t - 13. Suppose 3*d + 16 = 8*n - 7*n, d = -3. List the prime factors of x(n).
13, 41
Let m be 22/6*(55 - (-4)/(-1)). Suppose c - 173 = -4*z + m, -3*z - 687 = -2*c. What are the prime factors of c?
2, 3, 29
Suppose q + 61 = 56. What are the prime factors of (q - 4)/((-3)/195)?
3, 5, 13
Suppose -8*a = -6137 - 11695. What are the prime factors of a?
3, 743
Let x = 484 + -484. Suppose -3*m + 3*c + 2289 = 0, 4*m - 3020 = -4*c - x*c. List the prime factors of m.
3, 11, 23
Suppose 0 = 20*c - 38 - 42. Suppose 0 = -c*g + g - 5*y + 725, 0 = g - 4*y - 270. What are the prime factors of g?
2, 5
Suppose 153864 = 8*n - 106432. List the prime factors of n.
32537
Let z = -1314 + 2180. Suppose -3*p + n - 898 - z = 0, -5*p - n - 2940 = 0. Let o = -420 - p. List the prime factors of o.
2, 3, 7
Let q = -35933 + 56269. List the prime factors of q.
2, 31, 41
Let j(k) = -70*k - 1070. What are the prime factors of j(-57)?
2, 5, 73
Let u(b) = b**2 + 14*b + 25. Let m(w) = -4 + 11*w - 3 - 11 + 4. Let t be m(0). List the prime factors of u(t).
5
Let p(c) = -47*c - 18. Let t be p(-10). Let m(r) = -3*r**3 + 3*r**2 - 2*r + 2. Let f be m(5). Let s = f + t. List the prime factors of s.
2, 3
Suppose -43*v - 11414 = -687116. What are the prime factors of v?
2, 3, 97
Let n = 144 - 140. Suppose 5 = 5*l - n*l + a, 0 = 3*l - 4*a + 6. List the prime factors of l*(-3)/6 + (-1630)/(-10).
2, 3
Let y = -92 - -96. Suppose 0 = 4*n + h - 533, -2*n - y*h - 103 = -373. What are the prime factors of n?
7, 19
Let d(j) = 3*j + 20. Let y be d(18). Let u = -157 - -157. Suppose -5*v + 4*g + y = u, 2*v + 2*g - 5*g = 24. What are the prime factors of v?
2, 3
Suppose -40*x + 38*x + 71452 = 2*g, -2*x = 4. What are the prime factors of g?
2, 7, 11, 29
Suppose -3*c - 41 = q, 64*c = 68*c + 4*q + 68. List the prime factors of (-10)/40 - -543*(-9)/c.
11, 37
Suppose 3*f - 3*l = 21, -l - 2*l + 9 = 2*f. Let x = 90 + -20. Suppose -f*g = -g - x. What are the prime factors of g?
2, 